et o be (2/8)/((-19)/(-20) + -1). Let k(b) = b**3 + 8*b**2 + 5*b - 1. Let f(z) = -z**2 - z + 1. Let p(t) = 2*f(t) + k(t). Calculate p(o).
11
Let t(u) = 5*u**2 + 7*u + 5. Let y(m) = -18*m**2 - 28*m - 19. Let v(p) = -22*t(p) - 6*y(p). Determine v(7).
4
Let b(f) be the first derivative of -f**4/4 + 4*f**3/3 - 5*f**2/2 + 7*f + 153. Determine b(5).
-43
Let i(j) = j + 1. Let m(q) = -2*q + 5. Let f(p) = -4*i(p) + m(p). Calculate f(1).
-5
Suppose -w = 2*y - 8, 3*y - 8*y + 3*w = 2. Let t(p) = -p**3 + 4*p + 3*p - 3 - p - 2*p. Calculate t(y).
-3
Let l(v) be the second derivative of -v**4/24 - v**3/2 + 2*v**2 + 6*v. Let n(f) be the first derivative of l(f). Give n(5).
-8
Let x(r) = 5 - 2*r**3 + r**2 + 3*r**3 + 5*r**2 - 8*r. Let w = 280 + -287. Determine x(w).
12
Suppose 3*z - 1 - 31 = -2*f, -5*f - 5*z + 70 = 0. Let t(v) = v**3 - 11*v**2 + 7*v + 13. Determine t(f).
-17
Let h be 1*-4 + -1 + 1. Let q(n) = 2*n**2 - n**2 - 4*n - 4*n**2 - 4*n**2 + 2*n**2 - 4 - n**3. Determine q(h).
-4
Let l(o) = 3*o + 3. Let h(a) = 2*a + 1. Let b(t) = 5*h(t) - 3*l(t). Suppose 3*f = -3 - 6. Let u be (5 - f) + -3*1. Determine b(u).
1
Let h(j) = -3 - 30*j**2 - j**3 + 35*j**2 + 1 - 5*j**2. Give h(-2).
6
Let z(n) = -41 + 20 - 3*n + 24 + 17. What is z(9)?
-7
Let z(j) = 18 + 11 + 15 - 45 + 2*j. Let w(s) = 8*s + 4. Let n(q) = -w(q) + 3*z(q). What is n(-6)?
5
Suppose -29 + 74 = h. Let z be -3*3*40/h. Let y(u) = -u**2 - 9*u - 8. Give y(z).
0
Let g(x) be the first derivative of -x**4/4 + 3*x**3 - 3*x**2/2 + 2*x - 116. Calculate g(9).
-25
Let m(k) = -2*k + 5. Suppose -d - 2*h + 3 = -45, 2*d = 5*h + 114. Let w = 46 - d. What is m(w)?
17
Let s(m) = 16*m + 3*m**2 + 17*m + 2 - 31*m. Suppose 0 = -5*f - 0*f - 15. Calculate s(f).
23
Let z be -3*(-12 + 13)*55/(-3). Let f = 49 - z. Let r(x) = -x**3 - 5*x**2 + 7*x + 8. Determine r(f).
2
Let a(r) be the third derivative of -r**6/120 - r**5/10 + r**4/8 + 7*r**3/6 + r**2 + 218. Give a(-5).
-33
Let s(p) = 29*p**3 + 7*p**2 - 7*p - 7. Let y(i) = 7*i + 6*i**3 + 3*i**2 - 10*i + 9*i**3 - 2 - 1. Let a(u) = 4*s(u) - 9*y(u). What is a(-1)?
20
Let p(q) be the second derivative of -q**4/4 + q**2 + 13*q. Let g = 21 - 15. Suppose 3*w = 2*m - 11, -g = -2*m + 2*w - 0. What is p(m)?
-10
Let y(c) = c. Let j(s) = -s**3 - 4*s**2 - 2*s + 2. Let z be ((3/(-3))/3*6)/1. Let q be j(z). Determine y(q).
-2
Let p = -1 + 2. Let z be (3 - (0 - p))*-1. Let m(l) be the second derivative of -l**5/20 - l**4/3 + l**3/3 + 3*l**2 + 9*l. Calculate m(z).
-2
Let h(w) = 7*w + 9. Let k be h(-1). Let p(v) = -14 - 11 + 24 - 3 - v**k - 3*v. Let u(j) = -3*j**2 - 1. Let c be u(1). Give p(c).
-8
Let h(k) = k**2 - 2*k + 7. Let j = -230 + 230. Give h(j).
7
Let o(x) be the third derivative of 4*x**2 + 0 - 8/3*x**3 + 0*x + 1/12*x**4. Let a be o(8). Let i(t) = -t + 6. Give i(a).
6
Let f(l) = -6*l**3 + 5*l**2 + 2. Let j(a) = -a**3 + a**2 - a + 1. Let h = 104 + -103. Let o(z) = h*f(z) - 5*j(z). Give o(3).
-15
Suppose 3*k - 3 = 2*g, -g - 5*k = -6*g - 5. Let p(z) = z**2 - 350 + 176 + 0*z**2 + 181. Calculate p(g).
7
Let z(b) = -b**2 - 9*b + 53. Let y be z(-13). Let o be (-2 + 8)*y/(-3). Let p(d) = d**3 + 2*d**2 - 2*d. Determine p(o).
4
Let c(l) = l**2 + l - 5. Let k be (54/45)/(3/10). Suppose k*d + 4*y = -4, 7*y = -d + 4*y + 5. What is c(d)?
7
Let h(y) be the first derivative of -y**2/2 + 4*y + 377. Let l(v) = -2*v - 7. Let s be l(-6). Give h(s).
-1
Let m(p) = -3*p**3 - 33*p**2 + 25*p + 28. Let j(v) = v**3 + 11*v**2 - 8*v - 9. Let i(c) = 17*j(c) + 6*m(c). Calculate i(-12).
-9
Let r(n) = n - 1. Let c(j) = 2*j - 13. Let x(h) = 3. Let g(w) = -3*c(w) - 15*x(w). Let a(k) = g(k) - 6*r(k). What is a(-1)?
12
Let a be ((-9)/15 - -1)*50. Let j = a + -12. Let q(p) = 6*p - j + 17 - 7*p. Determine q(7).
2
Let s be (7 + 5)/(-24) + 6/8. Let j(w) be the first derivative of -2*w**2 - 4 - s*w**4 - 7/3*w**3 + 3*w. What is j(-6)?
-9
Let x(f) = 31*f - 1793. Let h be x(58). Let a(c) = -4*c + 14. Let v(z) = z - 1. Let i(u) = -a(u) - 3*v(u). Determine i(h).
-6
Let i(n) be the second derivative of -n**6/120 - n**5/15 - n**4/12 + n**3/3 + 11*n**2/2 - 15*n. Let o(q) be the first derivative of i(q). What is o(-3)?
-1
Let l(d) = -14*d**2 - 2*d - 1. Suppose 2 + 6 = 2*s. Suppose -2*x + s*f + 32 = 0, 3 = 2*f + 9. Suppose -g + 15 = -4*a, -2*g + a + x = -2*a. What is l(g)?
-13
Let n(m) be the third derivative of m**4/8 - m**3/3 + 5*m**2. Suppose 4*g - 2*i - 28 = 0, -3*g + i + 2 = -18. Suppose d + d - g = 0. Determine n(d).
7
Let i(c) = -c**3 - 3*c**2 - 4*c - 4. Let d = -69 - -66. Calculate i(d).
8
Let l(i) = i**3 + i**2 - i + 5. Let x(d) be the second derivative of -d**3/2 - 12*d**2 + d. Let f be x(-8). What is l(f)?
5
Let k(s) be the second derivative of 2*s**2 + 0 + 18*s - 1/20*s**5 - 1/6*s**4 + s**3. Determine k(-4).
12
Let j(c) = -c**3 - 3*c**2 + 5*c - 3. Let n be (-2 + -1 + 4)*2. Suppose -n*y - 5 = -11. Suppose -y*i + 12 = -6*i. Determine j(i).
-7
Suppose -4 = -4*r + 4. Let s be (-1 - r)*-1 - 0. Let l(h) = 646*h - 649*h + h**2 - 6 + 2. Calculate l(s).
-4
Let j(s) = -s**2 - 13*s - 37. Suppose 0 = 82*k + 168 + 324. Determine j(k).
5
Let j(p) = p**2 - 3*p - 2. Let k(c) = c**3 - 10*c**2 + 20*c - 27. Let z be k(8). Determine j(z).
8
Let w be (4 - (-420)/(-72))*-6. Let p(z) = -z**2 + 14*z - 27. Determine p(w).
6
Let w(l) = 6*l**2 + l**3 - l + 2*l - 444 + 443. What is w(-6)?
-7
Suppose 11 + 12 = k. Let y = k - 20. Let g(a) = -a**2 + a. Give g(y).
-6
Let r(a) = -a**2 + 6*a - 2. Suppose 29 = -5*u - 16. Let w(t) = 2*t + 13. Let f be w(u). Let m be 2 - 3/3 - f. Determine r(m).
-2
Let r be 4*(9/12 + -1). Let f be (2/(-14))/((-5)/35). Let v(l) = 8*l + 1 + f - 2 + 1. Calculate v(r).
-7
Suppose -5*k + 4*h = -31, 2*k + 2 = -3*h - 4. Let q(j) = 8*j**2 + 8*j + k*j**3 - 3*j**2 - j**3 - 3*j**3. Give q(6).
12
Let h(d) = -d**2 + 10*d - 10. Suppose 7*m + 4*m + 253 = 0. Let v = m + 31. Give h(v).
6
Let j(x) = -69*x**2 - 25 + 84*x**2 - 28*x - 17*x**2. Calculate j(-13).
1
Let w(c) = -2*c + 1. Let t(m) = -m - 3. Let f(y) = -1. Let v(l) = l + 6. Let h be v(-7). Let i(g) = h*t(g) - 6*f(g). Let r be i(-11). What is w(r)?
5
Let g(i) = -i**2 - 16*i - 13. Let y be g(-15). Let a(k) = -1 + 5*k - 2*k - y*k. Let w be a(1). Let x(c) = -c**3 - c + 4. Give x(w).
4
Suppose 0 = -7*u + 68 + 9. Let j(m) = m**3 - 10*m**2 - 11*m - 10. Determine j(u).
-10
Let k(n) = -n**2 - 4*n + 2. Let p = 457 + -461. Calculate k(p).
2
Let h(b) = b**3 - b**2 - b - 1. Let x(w) = 4*w**3 + 2*w**2 + w. Let v(k) = 3*h(k) - x(k). Determine v(-4).
-3
Suppose -10 = -3*f + 26. Let m = 19 - f. Let i(a) = 0*a + 2*a**2 - a**2 + 6*a + m + 1. Calculate i(-6).
8
Let s(h) be the third derivative of h**6/120 - h**5/15 - h**4/12 + 4*h**3/3 + 55*h**2 + 4*h. Give s(4).
0
Let f(z) = -z**3 - 6*z**2 - 3*z - 7. Let p = 5 + -5. Suppose 3*t + 31 - 88 = p. Let s = 13 - t. Determine f(s).
11
Suppose 0 = -4*g + 24 - 4. Let b(d) = -5*d**3 + 5*d**2 + 14*d + 5. Let p(o) = 4*o**3 - 5*o**2 - 10*o - 4. Let q(k) = -3*b(k) - 4*p(k). Give q(g).
-9
Let o(z) = z**2 - 6*z - 4. Let x(g) = -2*g - 8. Let b be x(2). Let l = -6 + 8. Let h be b/(-3 - 0) + l. What is o(h)?
-4
Let x(b) be the second derivative of b**5/20 + 5*b**4/12 - 5*b**3/6 - 3*b**2/2 - 672*b. Suppose 0 = -j - 4*j - 30. Determine x(j).
-9
Let u(h) = 7*h + 191. Let c be u(-26). Let v(g) = -g**3 + 9*g**2 + 1. What is v(c)?
1
Let y be (-21 - 3)*(-4)/3. Suppose -y = 4*g + 4*z, -2*g + 5*z + 7 = 2. Let m(a) = -a - 2. What is m(g)?
3
Let s(a) = 5*a + 3. Let b(v) = 7*v - 2. Let k be b(1). Suppose 0 = -5*l + k*t, -3*l = -4*l - 4*t - 15. Calculate s(l).
-12
Let k be 21/(-63)*(-15 + -1 - -1). Let q be ((-2)/(-2) - -2) + 2. Suppose k + 0 = -q*g. Let x(v) = -v**3 - 2*v**2 + v + 1. What is x(g)?
-1
Let n(m) = m**2 - 15*m - 21. Let s be n(16). Let k = 2 - s. Let g(t) = 2 - t - 3*t - 4 + k*t. Calculate g(2).
4
Let t(w) = -411*w + 0 + 415*w - 2. What is t(-2)?
-10
Let q(h) = -h. Let c(s) = 3*s - 4. Let k be c(6). Let z be 1 + -3 + 0 + k. Let r be -10 + z/4 - -3. Calculate q(r).
4
Suppose 6*t = 9*t. Let i(z) = 4 - 7 + 3*z + 1 - z**2 - 6 - 2*z. Give i(t).
-8
Let h(y) = -y**3 - 9*y**2 - 14*y - 6. Let a(i) = -2*i**3 - 9*i**2 + 18*i + 58. Let w be a(-5). What is h(w)?
-6
Let y(n) = -n - 1. Suppose 3*z - 2*x - 24 = -6*x, 0 = -z - 4*x + 8. Suppose -5*a - d = -23, a + 6*d - 10 = 4*d. Suppose 6*t 